*3 - 17*w. Let h(f) be the second derivative of y(f). Calculate h(-2).
-6
Suppose -2 = 2*b + 5*v, 2*b + 0*b - 38 = 5*v. Let m(w) = -6 + 5 + 7*w - b*w. Give m(1).
-3
Let g = 24 - 21. Suppose -8*o = -g*o + 35. Let z = o + 5. Let b(h) = -h**3 - 6*h**2 - 4*h - 3. Give b(z).
-11
Let z(p) = -13*p**2 - 5*p - 10. Let b(g) = 2*g**2 - g + 1. Let h(l) = -6*b(l) - z(l). What is h(-9)?
-14
Let n(g) be the second derivative of 29*g**4/6 - 149*g + 2. What is n(-1)?
58
Suppose 5*v + 4*c = -0*v + 4, 24 = 4*v - 2*c. Let p(w) = -5*w**3 - 7*w**3 + 3*w + 11*w**3 - 5 + 3*w**2. Determine p(v).
-9
Let v = -25 - -25. Suppose 2*x = 4*x + 10, v = 4*r - 4*x - 16. Let i(o) be the first derivative of -3*o**4/4 - 2*o**3/3 - o**2/2 - 2. Calculate i(r).
2
Let h(v) = -v**3 - 8*v**2 + v + 17. Let k be h(-8). Let r(n) = -k*n**3 - 2*n - 3*n**3 - n + 2*n. What is r(1)?
-13
Let w(y) = -6*y - 26. Let q be (24/14)/(8/(-28)). Give w(q).
10
Let v be (-34)/9 - (-30)/(-135). Let h = 7 + v. Let k(j) = -6*j - 3*j**3 + 7*j**2 + 6*j**h - 4*j**3 - 7. Give k(6).
-7
Suppose -20 = -4*t + b + 12, -3*t = b - 17. Let w(m) = -t + 4 - 18*m - 1 + 13*m. Suppose -i + 0*n - 4 = n, 0 = 4*i + 5*n + 17. Give w(i).
11
Let l be 5/(5/(-3)) + 1. Let w(o) = -2*o + 5. Suppose -3*a - 3*d - 4 = -13, 5*a - 18 = -2*d. Let f(p) = -5*p + 11. Let g(c) = a*f(c) - 9*w(c). Give g(l).
3
Let j be 2/6 + 10/6. Let s(a) = -2*a + 1 - a - 2*a + a. Let g(o) = -o. Let k(l) = 3*g(l) - s(l). Calculate k(j).
1
Suppose -12 = -6*u + 12. Suppose -p = 4*h - 4, -4*h + 4*p + u = p. Let i(s) = -6*s**2 + 0 + 0. Calculate i(h).
-6
Let x(h) = h**3 + 8*h**2 + 8*h - 3. Let w be 46/(-8) - ((-451)/(-44) - 10). Give x(w).
21
Let w(o) = -o**3 + 5*o**2 - 9*o + 45. Let j be w(5). Let x(i) be the third derivative of 0 + j*i - 5/24*i**4 + 5/6*i**3 + i**2 + 1/60*i**5. Determine x(4).
1
Let t(g) = -g**3 - 7*g**2 - 2. Let p be t(-7). Let l(s) = -s + 2. Let x be l(-1). Let z be (x/p)/((-27)/18). Let v(w) = -11*w**2 + w. Determine v(z).
-10
Let f(s) = -5*s + 2. Let q(t) = -t**3 - 12*t**2 - 37*t - 1. Let x be q(-6). Give f(x).
-23
Let l(q) = -6*q**2 - 3*q. Let k be (-1 - -1)/3*-1. Suppose k*b + 2*b + 12 = -3*s, s = -3*b - 4. Let u be (-3)/s + 22/(-8). Determine l(u).
-18
Let o be ((-4)/(-2))/(16/152). Suppose -20 = -4*t, 2*t - o = -0*q - q. Suppose 4*w + 5*r = 2*w + q, 0 = 3*w + r - 7. Let k(z) = 2*z**2 + z. Give k(w).
10
Let f(q) = -q**3 + 2*q**2 + 12*q - 15. Let x be f(6). Let g = -91 - x. Let d(l) = l**2 + 9*l + 1. Determine d(g).
-19
Let p(r) = -3*r - 20. Let q(t) = 3*t + 21. Let u(n) = -4*p(n) - 5*q(n). Let z be u(-10). Let c(b) = b**2 - 4*b - 1. What is c(z)?
4
Let k be (64 + 8/4)/1. Let f(g) = -g**2 + 34*g**3 - k*g**3 + 8 + 33*g**3. Give f(0).
8
Let d(a) = -a**3 - 6*a**2 - 6*a - 1. Let t be d(-3). Let w(x) = x**3 + 10*x**2 - x - 4. Determine w(t).
6
Suppose 2*a = -h - 13, 2*h = a + h - 1. Let m(k) = -k - 4. What is m(a)?
0
Suppose 7*p = 10*p. Let l(i) = -30*i + 29*i + p + 7. Give l(8).
-1
Let z(q) = -q**3 + 2*q**2 + 5*q + 2. Let k be z(6). Let l = k + 120. Let s(o) = o**2 - 8*o - 10. Give s(l).
-10
Let z(m) = m. Let q be z(4). Let k(w) = -w + 5 + 2*w - 2*w - w + q*w**2 + w**3. Suppose 2*u = -7 - 3. Give k(u).
-10
Let l(i) = -2*i. Suppose t = 16 + 4. Suppose -2*h - 4*m + 11 = -m, -5*h + 2*m = t. Give l(h).
4
Let n = -2330 - -2323. Let v(d) = 6*d + 11. Determine v(n).
-31
Let t(f) = 7 - 28*f + 5 - 3 + 32*f. Calculate t(11).
53
Let s(c) = -13*c - 35. Let q(v) = -6*v - 16. Let j(i) = 9*q(i) - 4*s(i). Calculate j(-7).
10
Suppose d - 2 = -v, 0 = -4*v - 6*d + 5*d + 11. Let z(a) = a + 6*a**2 - 5*a**2 + 78*a**3 - 73*a**v. Let m(i) = i**2 + 4*i + 2. Let q be m(-3). Give z(q).
-5
Let c(t) = -3*t**2 + 2 + 2*t**2 - 2*t + 4 - 2. Let r = 14 - 8. Let x = r + -10. Give c(x).
-4
Suppose 7*n = 8*n - 21. Suppose 3*q + 9 - n = 0. Let b(g) = -4*g**3 + q*g - 4*g - 4*g + 3*g. Give b(-1).
5
Let z(f) = 50*f - 25*f + 0 - 3 - 32*f - f**2. What is z(-3)?
9
Let l(a) = 6*a - 11. Let v(d) = -9*d + 17. Let t(o) = -7*l(o) - 5*v(o). Let p(g) = -4*g + 8. Let y(q) = -2*p(q) - 3*t(q). Calculate y(9).
-1
Let y(s) = s**2 + 12*s - 3. Let o be (2 + -3)*2 - 11. What is y(o)?
10
Let y(d) = -2*d**2 + 3*d + 2. Let t(o) = -7*o**2 + 13*o - 15. Let p(w) = -t(w) + 4*y(w). Determine p(-7).
-19
Suppose -80*q - 8 = -84*q. Let p(v) be the third derivative of -v**6/120 + v**5/60 + v**4/8 - v**3/2 - 2*v**2. What is p(q)?
-1
Let y be (-24)/(-1 + -3) + 0. Suppose 2*p = y*p + 12. Let n(v) = 5*v - 3. Let r(x) = 5*x - 4. Let j(z) = 6*n(z) - 5*r(z). Determine j(p).
-13
Let d(o) = 6*o**3 - 7*o**2 + 1 - 7*o**3 - 6*o**2. What is d(-13)?
1
Let v(z) = 3. Let o(m) be the first derivative of m**2/2 + m + 22. Let h(g) = -2*o(g) + v(g). Let n(l) = -l**3 + 4*l**2 - l + 5. Let b be n(4). Calculate h(b).
-1
Let f(h) = -6*h - 383*h**2 - 3 + 4*h + 194*h**2 + 188*h**2. Calculate f(-3).
-6
Let p(f) = f**3 + 6*f**2 - 4*f - 2. Suppose -4*t = -3*o + 24, -10*o = -4*t - 13*o - 24. Calculate p(t).
22
Let i = -8 - -413. Let h(a) = -5*a**2 - 405*a - 5 + i*a - a**3. Calculate h(-5).
-5
Let w(l) = 4*l + 1. Let v(b) = -3*b**2 - 4*b + 1. Let u be v(-3). Let a(h) = h**3 + 14*h**2 + h + 16. Let p be a(u). Determine w(p).
9
Let g be ((-4)/8)/((-1)/(-10)). Let z(v) = -3*v + 38. Let y(m) = -m + 12. Let d(p) = -10*y(p) + 3*z(p). Determine d(g).
-11
Let z(n) = n. Let c(h) = 9*h - 6. Let s(o) = c(o) - 15*z(o). Let g(k) = 4 - 3 - 2 + 0*k - k. Let q(j) = 22*g(j) - 4*s(j). What is q(-4)?
-6
Suppose -5*d + 4*d = 14. Let l = d - -19. Let q = -1 + l. Let w(i) = i + 2. What is w(q)?
6
Let x(r) = -6*r - 2. Let t be (-24)/(-5) - (-14)/70. What is x(t)?
-32
Let d = 54 - 55. Let t be 4/d + 2 + (2 - 0). Let v(m) = -m - 1. Determine v(t).
-1
Let g(p) = -4*p**3 - p**2 + 2*p + 3. Let j(k) = k**3 + k**2 + k. Let z be (-29)/9 - (-28)/126. Let i(v) = z*j(v) - g(v). What is i(4)?
9
Suppose -11*h = -2*h + 45. Let n(q) = -3*q - 9. Calculate n(h).
6
Let l(f) be the second derivative of -f**4/12 + f**3 + 5*f**2/2 - f - 171. Let g(s) = -s**3 - 2*s**2 - 3*s. Let y be g(-2). Give l(y).
5
Let k(s) = -s**3 - 3*s**2 - 4*s - 4. Let y be k(-2). Let b(f) be the second derivative of f**5/20 + f**4/12 - 3*f**2 + 58*f - 1. What is b(y)?
-6
Let n(o) = 2*o**3 - o**2 + 6*o - 9. Let a(m) = 5*m**3 - 4*m**2 + 18*m - 26. Let s(c) = -3*a(c) + 8*n(c). Calculate s(-6).
-30
Let m(d) = d**2 - 41*d + 118. Let f be m(38). Suppose -f*r + r + 11*r = 0. Let g(a) be the second derivative of -a**5/20 - a**4/12 - a**3/6 - a. Give g(r).
0
Let h(j) = -1 + 2*j**2 - 3*j**2 + 43*j - 34*j - 10. Give h(9).
-11
Let y(a) be the first derivative of -a + 5 - 2*a**2 + 2/3*a**3. What is y(3)?
5
Let h(n) = n - 6. Let b be h(11). Let q(w) = -b*w - w - 2*w - 2*w. What is q(1)?
-10
Let a(l) = l**2 - l - 5. Suppose d + 21 = c, -3 = -3*d - 15. Suppose -4*z + c = 1. Determine a(z).
7
Let u be 2 - (1*-2)/(-2). Let z(g) = g + 1 - 3*g**3 - 5*g + 3*g - g. Let x be z(u). Let f(c) = -c - 2. What is f(x)?
2
Let l(f) = f**3 + 19*f**2 + 2*f + 3. Suppose 0 = 73*u - 61*u + 228. What is l(u)?
-35
Let s(r) be the second derivative of -r**3/3 - 6*r**2 + r - 10. Give s(-10).
8
Suppose -2*l = 3*q - 6, 2*l = q + q - 14. Let k(x) = x**2 - 3*x + 2. Determine k(q).
6
Let s(y) be the first derivative of -y**5/30 + y**4/12 + y**3/6 - 27*y**2/2 - 6. Let m(x) be the second derivative of s(x). Determine m(2).
-3
Let l(r) = -13*r**2 - r + 1. Suppose -n - 5 = -6*n. Let h be n/(1/4) - 3. Determine l(h).
-13
Let w(p) = -p**3 - 7*p**2 + 7*p - 5. Let i(a) = 0*a + 8 + 0*a + a - 5*a. Let n be i(4). Let v be w(n). Let j(z) = z - 3. Calculate j(v).
0
Let h = 42 + -31. Suppose -4*t = -4*w - 24, -2*t + t + 5*w + 22 = 0. Let j(c) = h - c**2 + 2*c**t - 12. Give j(0).
-1
Let s = -683 - -684. Let x(g) = -5*g + 2. Calculate x(s).
-3
Let w(c) be the first derivative of -c**2/2 - 22*c + 185. Calculate w(-10).
-12
Let f(a) = -3*a**3 + 2*a**2. Let r = -470 - -472. Determine f(r).
-16
Let h(i) be the second derivative of i**6/360 - i**5/24 - 7*i**4/24 + 13*i**3/6 + 9*i. Let j(k) be the second derivative of h(k). What is j(7)?
7
Let w(x) = 3*x. Let n(i) = -3*i - 10. Let g(c) = -n(c) - 2*w(c). Calculate g(4).
-2
Let q(m) be the first derivative of -m**7/840 + m**6/72 + m**5/60 - 7*m**4/24 + 13*m**3/3 + 10. Let b(a) be the third derivative of q(a). Calculate b(5).
3
